number?
False
Suppose 35*u - 5133891 - 3503843 = u. Is u a prime number?
False
Suppose 11*g - 18594 = 8*g. Suppose 3*w - g - 285 = 0. Suppose -1504 = -u + w. Is u composite?
True
Suppose -541419 = -o - 4*y, -2*o - 14*y + 13*y + 1082873 = 0. Is o a composite number?
False
Suppose 3*y + h - 95220 = 0, -5*y + 128407 + 30276 = -4*h. Is y prime?
False
Suppose 0 = -3*k + 4*o + 10299 - 2752, 4*k + 4*o = 10044. Let g = k - -506. Is g composite?
False
Let l(q) = 64*q**2 - 5*q - 49. Suppose 6 = -y - 3*h - 0, -2*h = 0. Is l(y) prime?
False
Suppose 5*g = k - 2*k + 28766, -4*k = -3*g - 114995. Let l = 1967 + 145. Suppose x - 4*q - 3645 = l, 5*x - k = 3*q. Is x prime?
True
Let y(b) = -b**2 - 10*b - 22. Let a be y(-6). Suppose -2*m + a*f + 5088 = 2*m, -4*m + 5*f = -5094. Let k = -406 + m. Is k a prime number?
False
Suppose -3*g + p = 6*p - 18260, 2*g - 12176 = -4*p. Suppose -3*k + g - 833 = 0. Let r = k - 878. Is r a prime number?
False
Suppose -5*a = -40, -3*p + 345*a - 350*a + 2774275 = 0. Is p prime?
False
Let q(f) = 1516*f - 100 - 132 + 67. Is q(10) a prime number?
False
Let t(k) = 4*k**2 - 5*k + 6. Let m be t(1). Is 20453/m - (481/(-65) + 7) composite?
False
Suppose -424 = 5*b + 2*l - 2109, -7*l + 35 = 0. Is b a prime number?
False
Let o(q) = 269*q**2 - 149*q - 17. Is o(-11) a composite number?
False
Let g be (0 - -1)*(-44 + 51). Is (8 - g)/(5/4195) a composite number?
False
Suppose t = 2*p - 34241, -5*p + 85610 = 34*t - 35*t. Is p composite?
False
Let f(r) = 2*r**3 + 4*r**2 + 11*r - 32. Let q be f(-19). Is 1*7/((-35)/q) a prime number?
True
Let h(x) = 1703*x + 78. Let z be h(12). Suppose -3*w + z = 5*u - 1229, -5*u + 36245 = 5*w. Is w prime?
False
Suppose -74610 = -j - 14*j. Suppose -4*d + j = -8234. Is (17/34)/(1/d) prime?
False
Let i = 1055585 - 734232. Is i prime?
False
Is 1/(-1*-1*(-5)/(-69505)) a composite number?
False
Let a be ((-17)/(-5) - (-2)/(-5)) + 2. Suppose o + 0*b = a*b + 1942, -b = -5*o + 9686. Is o composite?
True
Let q(b) = -3*b + 1. Let d be q(-1). Let s be 1/(((-4)/8)/((-14)/4)). Suppose d*a + 1515 = s*a. Is a a prime number?
False
Let i be -2 + -3 + 4 + 1. Suppose 3*g - 6 = i, 2*p + 2*p - 1450 = 5*g. Suppose r = 512 + p. Is r prime?
True
Suppose -606 = -13*x - 593. Is (1 + x)/(-2)*1748982/(-86) composite?
True
Suppose -5*f - 342 = 14*f. Let b(l) = -l**3 + 10*l**2 + 65*l - 11. Is b(f) composite?
True
Let n(j) = 103*j**3 + 160*j**2 - 89*j - 79. Is n(23) a composite number?
True
Suppose -5*w - 5*l + 18 = -7, -5 = 3*w - 2*l. Let b(o) = 1737*o**2 + 2*o + 2. Is b(w) composite?
False
Let n = 91398 + 20299. Is n a prime number?
True
Let r be ((-18)/(-4) + -6)/(2/(-1680)). Let s = 1705 + r. Is s prime?
False
Let v(p) = -62*p**3 + 86*p**2 - 21*p + 10. Is v(-11) composite?
False
Let b(k) be the second derivative of 69*k**5/20 + k**4/6 - 7*k**2/2 + 39*k. Is b(3) composite?
True
Let p be (3/6)/(2/4). Suppose 2*n - 3*k = 18, 10*n + 1 = 9*n - k. Is 945/9*p/n a composite number?
True
Suppose -18*y = -13*y + 25. Is 2/y*-12153 - 13/65 prime?
True
Let q = -233 - -232. Let c(h) = -6030*h**3 + h**2 - h - 1. Is c(q) a composite number?
True
Let z(l) = -446*l**2 - 3*l - 2. Let g(j) = -2230*j**2 - 16*j - 10. Let u(o) = 2*g(o) - 11*z(o). Let c be 9 + -10 + -4 + (4 - 0). Is u(c) a prime number?
False
Suppose 123*r - 239893 - 162493 = 12985. Is r a composite number?
True
Let f be (2/(-3))/((-12)/36). Suppose 0 = -f*t + 2440 + 2522. Is t a composite number?
True
Let d(x) = -2*x - 28. Let u be d(15). Let h = 62 + u. Suppose -f - 1196 = -5*f - 4*m, 3*m = -h*f + 1196. Is f a composite number?
True
Suppose -3*c - z - 18 = 0, 4*c - c = -5*z - 30. Is (1457/(-2))/(11/(-2) - c) a composite number?
True
Is -1026955*(1/(-2))/(390/156) a composite number?
False
Let d = -71095 - -422322. Is d a composite number?
True
Suppose -19732 = 5*u - 54932. Let n = u + 5093. Is n a composite number?
True
Let w be (0 + 2)*(2 - 116/(-8)). Suppose 0 = -3*b - 8*b + w. Suppose b*h = 2*h - 3*v + 526, -2*h = 3*v - 1067. Is h prime?
True
Let y be (0 - 162/21) + 20/(-70). Let l(r) = -207*r + 121. Is l(y) prime?
True
Suppose 0 = -3*f + j - 8, -4*f + 5*j - 24 = -5*f. Is (0 + 1)*-797*f composite?
False
Let w = 391 + -409. Is (375668/(-9))/(-4) - w/(-81) a prime number?
False
Let m(s) = -5*s**3 + 28*s**2 - 21*s - 64. Let p be m(-20). Suppose -9506 - p = -6*v. Is v composite?
False
Is (((-8709)/(-6))/1)/(0 - (-8)/16) a composite number?
False
Let c(v) = 2*v**2 + 15*v - 9. Let l be c(-8). Is (14 - 15)/(2/1394*l) a prime number?
False
Is ((2338571/138)/17)/(2/12) prime?
True
Suppose -4 = -q + 3*g, -4*q - 5*g = q + 20. Let z be (-2 - 1/q)*(-2704)/6. Suppose 2*m + 42 = z. Is m prime?
True
Suppose 0*h + 4*z - 662 = -h, h - 689 = 5*z. Suppose 0 = -3*w - 5*c + h + 820, 2*w - 5*c = 1021. Is w a prime number?
True
Suppose -5*z = 5*c - 146270, -9*z + 13*z = -c + 29251. Let t = -13762 + c. Is t prime?
True
Let n be 25/(-5) + -180 + 7. Let r = 2539 + n. Is r composite?
True
Let x(m) = 596*m**2 + 174*m + 101. Is x(23) composite?
False
Let m = 150183 - 97538. Is m prime?
False
Is ((-446339)/58)/((-1 + 4)/(-6)) a composite number?
False
Let o = 520 - 868. Let v = o + 634. Suppose -2*q + t + v + 1178 = 0, 5*t - 1488 = -2*q. Is q composite?
True
Suppose 4*h - 2*d = 6, 15 - 2 = 2*h - 3*d. Let w(z) = -1189*z - 15. Is w(h) prime?
False
Let d = 54892 + -24525. Is d composite?
False
Is 27/(-108)*-4063476 - 2 a composite number?
True
Let d(m) = -2*m**3 - m**2 + m + 187. Suppose 2*b + 3*l - 6 = -3, -4*l = -4*b + 16. Suppose -3*j = -3 + b. Is d(j) a composite number?
True
Let w = 268 - 279. Let h(s) = -295*s - 238. Is h(w) a prime number?
False
Let r(c) = 771*c**2 - 17*c + 15. Suppose 2*s + 4*p = 6, -s - 3*s + 2*p + 2 = 0. Is r(s) a prime number?
True
Is (-1)/(1 + 112/(-738168)*6591) composite?
False
Suppose -5*l + 3*x + 50 + 39 = 0, 0 = 2*l + x - 29. Let g(b) = 4 + l*b + 0*b**3 + 5*b**2 - 8*b**3 - 10*b. Is g(-5) composite?
True
Suppose 115*l - 10715 = 337831 + 446219. Is l a composite number?
False
Let c(t) = t**2 - 275. Let z be c(0). Suppose -12872 = 19*y + 5672. Let q = z - y. Is q prime?
True
Is -156183*(35/(-105) + 0/(-2)) composite?
True
Suppose y + 211 = 2*q, -4*q + 4*y = -55 - 377. Let v(o) = 54*o**2 + 85*o - 1. Let i be v(-3). Let u = i - q. Is u composite?
False
Let s = 19143 - 1436. Is s composite?
False
Let b = 72 + -77. Let x(g) = 32*g**2 - 10*g**2 - 6 + 18*g**2 - 7 + 2*g. Is x(b) composite?
False
Suppose 61*i - 20 = 57*i, -15082400 = -5*m + 3*i. Is m composite?
False
Suppose -7871*d - 722259 = -7880*d. Is d prime?
True
Let o = 92046 + -52613. Is o a prime number?
False
Let v = 11066 + -20292. Let n = 165 - 175. Is v/n + -1 - 54/90 a composite number?
True
Suppose -14*k - 1899 + 12833 = 0. Let n = -371 + -13. Let a = k + n. Is a composite?
False
Let s(i) = i**3 + 43*i**2 + 6*i + 29. Let q be 0 - (-48)/(-2) - (-55)/11. Is s(q) a composite number?
True
Let l = 42 + 56. Let d = 603 + l. Is d a prime number?
True
Suppose -o - 2*y + 37927 = 0, -2*o + 33872 + 42012 = -y. Is o a composite number?
True
Let w(p) = 3*p**2 + 3*p. Let n be w(-2). Let o be (-40)/n*3/2. Is -298*((-35)/o - 4) composite?
False
Let z be 90 + -1 + (-3)/(-6)*-4. Suppose -g + 956 = 3*g. Let q = z + g. Is q a composite number?
True
Suppose -5*p - c = -2*c + 27, 3*c - 21 = 3*p. Let g be ((-2)/p)/(-4*(-2)/240). Suppose 38241 = -3*q + g*q. Is q composite?
True
Let q be 10/(-5)*(-72596)/8. Suppose 9*c - 64985 = -q. Suppose 5*g = y + 3*y + 8661, -5*y = 3*g - c. Is g composite?
False
Let g(t) be the third derivative of t**4/24 - t**3/6 + 12*t**2. Let d(w) = -8*w + 215. Let q(f) = d(f) + 4*g(f). Is q(0) prime?
True
Is -2188543*60/1260*((-3 - 1) + 1) a composite number?
True
Let l be 189/105 - (-2)/10. Suppose h - 5*d + 10365 = -3*h, -5*h + l*d - 12969 = 0. Let m = h + 4462. Is m prime?
True
Suppose -2*t + 33*x = 35*x - 431662, 2*x + 863300 = 4*t. Is t a prime number?
True
Let z = 5578 - 708. Suppose 4*r = -n + z, 4*r = 2*r - 3*n + 2440. Is r a composite number?
False
Let r = 926 - -250. Suppose -r = -8*m + 704. Suppose 2*d + 622 + 83 = 3*z, -z - d = -m. Is z composite?
True
Suppose -432*q = -443*q + 2859703. Is q a composite number?
True
Let r = 24618 - 17578. Suppose 4*u = -182 + 2. Is r/6 + -2 - (-15)/u a prime number?
True
Is (-2308)/8*(-7450